= 0. What is the tens digit of g?
3
Let x(o) = -1. Suppose -2*s - 2*s = -4. Let m(n) = 10*n - 12. Let c(h) = s*m(h) - 10*x(h). What is the tens digit of c(2)?
1
Let f = -2 - -4. Suppose f*t - 5*b - 43 = 0, -3*t - 2*b - 2*b = -122. What is the units digit of t?
4
Let g = 553 + -368. Suppose y - g = -4*y. What is the units digit of y?
7
Let m(s) = -s - 3. Let c be m(-7). Suppose 2*d - 28 = 4*a + a, c = 5*d + 4*a. What is the units digit of d?
4
Let h be (18/(-12))/(3/(-10)). Suppose a = -h*c - 1 + 14, 3*a + 1 = 5*c. What is the units digit of c?
2
Let f = 48 + -13. What is the tens digit of f?
3
Let v be (-34)/51 + 124/6. Suppose 0 = 2*h - 1 - 23. Let p = v - h. What is the units digit of p?
8
Suppose -4*t + 4 = 5*o, -4*o = 4*t - 7*t + 34. Suppose 3*u = 9 + t. What is the units digit of (u + 2)*1 + 1?
8
Let o(t) = 48*t - 65. What is the tens digit of o(6)?
2
Let g be -1*1 + (2 - 1). Suppose -w + 3*w - 2*z + 4 = g, -4*w + z + 7 = 0. What is the units digit of -1 + w*(-2)/(-3)?
1
Let r(p) = -14*p - 2. What is the tens digit of r(-2)?
2
Let w = 156 - 31. What is the tens digit of w?
2
Suppose 0 = v - 2*v - 2*q + 24, -v = 5*q - 21. Let m = v - 17. What is the units digit of m?
9
Let r(y) = 9*y + 1. Suppose 4*h = o + 8, 0 = 8*h - 5*h - 2*o - 6. What is the units digit of r(h)?
9
Suppose 0*g - 4*g = -404. Suppose g + 15 = 4*j. Suppose -15 = -4*p + j. What is the tens digit of p?
1
Let s(w) = 6*w**2 + 3*w. Let j(i) = i**2 - i - 2. Let d be j(0). What is the tens digit of s(d)?
1
Suppose 5*l - h - 490 = -0*h, 4*h = 3*l - 277. What is the units digit of l?
9
Let z(j) = -2*j. Let r be z(-6). Suppose 8 - 3 = f. Let w = r - f. What is the units digit of w?
7
Let y(v) = -v**3 + v + 22. Let k be y(0). Suppose 1 = t - k. What is the units digit of t?
3
Let m(k) = 5*k + 3*k - 4*k**2 - 2*k**2 + k**3 + 3. What is the units digit of m(6)?
1
Let j(u) = 6 - u + 3*u - 2*u + u**2. Let k be j(0). Let q = k + 1. What is the units digit of q?
7
Let l = 104 + -58. What is the units digit of l?
6
Suppose 3*i = -5*a - 2*i + 5, 0 = -2*a + 3*i + 27. Suppose 5*s - 5*g + 20 = 0, 3*g - 4 - a = s. What is the units digit of s - 0 - 28/(-7)?
3
What is the tens digit of (23 - 0)*(-1 + 2)?
2
Let y be (12/(-10))/1*-5. What is the units digit of (-2)/(1 - (y + -3))?
1
What is the units digit of (-19 + -2)*12/(-14)?
8
Let a = -1 - 0. Let r(w) = -42*w**2. Let n be r(a). What is the units digit of n*(12/(-9) + 1)?
4
Let x(s) = -s**2 - 24*s + 19. What is the tens digit of x(-14)?
5
Let d(y) = -y**3 + 5*y**2 + y + 6. Let m be -24*(6/9 + 0). Let k be 2*-1*40/m. What is the tens digit of d(k)?
1
Suppose 3*g - 13 = c + 4, -5*g = -25. Let o(k) = 4*k**2 - 2*k - 1. What is the tens digit of o(c)?
1
Let c(g) = -3*g**3 - 1. Let n be c(-1). Suppose n = -z + 1. What is the tens digit of 6/(2 - z)*7?
1
Let z(f) = f. Let i be z(-2). Suppose 17*o = 70 + 49. Let r = i + o. What is the units digit of r?
5
Suppose 3*q = -2*h + 5*q + 164, 0 = 3*h - 5*q - 236. What is the units digit of h?
7
Let y(u) = u**2 - 4*u + 2. Let b be 5/2*(-24)/(-10). What is the tens digit of y(b)?
1
What is the tens digit of (21 - (1 - -4))*(-5)/(-2)?
4
Let l = 203 + -92. What is the hundreds digit of l?
1
Suppose -2*q - 4*u = -12, q + 5*u - 10 = u. Suppose -4*h - 12 = -6*h. What is the tens digit of q/h + (-203)/(-21)?
1
Let y = -174 - -304. What is the units digit of y?
0
Let f be (28*(-2 + 1))/(-2). What is the tens digit of f + -2 + (-15)/(-3)?
1
Let i be 956/(-10) + 8/(-20). What is the units digit of (-2)/(i/(-51) + -2)?
7
Let i be 32/6 + (-4)/12. Suppose -20 = -n - i. What is the units digit of n?
5
Let o(g) = g**3 - g**2 - 9*g + 15. What is the units digit of o(7)?
6
Let y(g) = -g + 1. Let m(h) = -h + 2. Let r(a) = 3*m(a) - 4*y(a). Let o be r(2). Suppose 12 = -0*v + o*v. What is the units digit of v?
3
Let k be -5*(1 + 27/(-15)). Suppose 9*x = k*x + 10. Suppose 0 = -x*r + 3*r - 1. What is the units digit of r?
1
Suppose -4*w + 2*q = -30, 0 = -5*w - 0*q + 4*q + 42. Let t be 6*w/(-9)*-2. Suppose 2*f - t + 2 = 0. What is the units digit of f?
3
Suppose c - 3*c = -30. What is the units digit of (30/25)/(1/c)?
8
Suppose -3*y + 5 = -85. What is the tens digit of (-40)/(-15)*y/4?
2
Suppose -b = 4*u, -2*b = u + u. Suppose -2*c + 2 + b = 0. What is the units digit of c?
1
What is the tens digit of (-20)/(-3)*21/14?
1
Let t be -3*(8/(-12) + -1). Let d = 14 - t. What is the units digit of d?
9
Let m be -109 + 2/(-1) - 1. Let p = -80 - m. What is the units digit of (-4)/14 - p/(-14)?
2
Suppose -z - 5*d = -3, 2*z = -d + 4*d + 58. Let i be 2/(-7) + z/7. What is the units digit of i/2 - (-1)/(-2)?
1
Let t(a) be the third derivative of -17*a**4/24 + 3*a**2. What is the tens digit of t(-1)?
1
Let d(c) be the first derivative of 3*c**4/4 - c**3/3 + c**2/2 - 1. Suppose -4*z = -2*l + 4, -3*z - 2*l + 11 = -0*l. What is the units digit of d(z)?
3
Let n(q) = -6*q + 3*q + 2*q. Suppose 2*o + 2*k + 8 + 0 = 0, 4*o + k + 22 = 0. What is the units digit of n(o)?
6
Let p = -2 + 7. Let r = p + 11. What is the units digit of r?
6
Let h = 14 + -10. Let f(y) = -1. Let j(t) = -t - 4. Let b(r) = 6*f(r) - j(r). What is the units digit of b(h)?
2
Let w(o) = -o - 1. Let d be w(-4). Let k = d - -2. What is the units digit of k?
5
Let z = 75 - 35. Suppose -4*j = m - 29 - z, 0 = -5*j + 5*m + 80. Suppose 3*s = 4*s - 5*y + j, 0 = -5*y + 20. What is the units digit of s?
3
Let n be 2 - (-188 + (5 - 1)). What is the tens digit of (n/9)/(2/3)?
3
Suppose 0 = -5*s - 0*s + 20. Let c(i) = 2*i**2 - 5*i + 3. What is the tens digit of c(s)?
1
Let b be 3 + 0 + -3 + 5. Suppose -b*g = -g + 20, -g + 210 = 5*u. What is the units digit of u?
3
Suppose 0 = 2*y - 3*y - 200. Let r be 2/8 - y/(-32). Let t = -3 - r. What is the units digit of t?
3
Let h = 971 - 616. What is the hundreds digit of h?
3
Suppose 2*t - v = -0 + 6, -4 = 2*v. Suppose -3*f = -3*j - f + 22, -t*f + 42 = 5*j. Let w = -3 + j. What is the units digit of w?
5
Let g(l) = -2*l - 4 + 11*l**2 + l**3 - 1 - 15*l**2. What is the tens digit of g(5)?
1
Let d = 70 - 30. What is the units digit of d?
0
Suppose 0 = -17*h + 29*h - 660. What is the units digit of h?
5
Let v be 2/3 + (-8)/12. Suppose -8 = -3*o + 3*y - 2*y, v = -o - 5*y - 24. What is the units digit of o?
1
Suppose -163 = -6*s + 989. What is the tens digit of s?
9
Suppose -4*i - 40 = -4*k, 4*k - 13 = -i + 12. What is the units digit of k?
7
Suppose 3*s + 17 - 74 = -2*g, -2*g = -4*s + 62. What is the tens digit of s?
1
Let t(z) = z**2 + 8*z + 2. Let i be t(-7). Let g be 21/i - 3/(-15). What is the units digit of (g/6)/(6/(-9))?
1
Suppose -12 = -0*b + b. What is the tens digit of (-30*1)/(8/b)?
4
Let r be -2 + 7/(2 - 1). Suppose r*u = 2*u. Suppose -5*n + 3*x - 5 = u, -5*n + 5*x - 20 + 5 = 0. What is the units digit of n?
2
Suppose 5*c - 129 - 157 = -3*l, 3*c - 2*l - 164 = 0. What is the units digit of c?
6
Suppose -519 = -5*q + 2*b, 2*b = 5*q + b - 517. What is the tens digit of q?
0
Suppose -117 = -2*w + 23. What is the tens digit of w?
7
Let c be (-8)/(-6)*(-9)/(-2). Suppose c*u - 3*u + i = 22, 0 = 3*u + 3*i - 12. What is the units digit of u?
9
Let r be -9 + 9 - (1 + -34). What is the tens digit of ((-6)/9)/((-2)/r)?
1
Let i = 1 - 0. Let j(w) be the second derivative of w**5/4 + w**3/6 - w**2/2 + w. What is the units digit of j(i)?
5
Let g(h) = 14*h**2 + 5. What is the tens digit of g(2)?
6
What is the units digit of -3*(-6)/18*(0 - -97)?
7
Let z(k) = -8*k - 9. Let b be z(-4). Let j = b - -9. What is the units digit of j?
2
Suppose -5*y = -y + 3*p - 144, -55 = -y + 4*p. What is the units digit of y?
9
Suppose 0 = -x - 7 + 47. What is the tens digit of x?
4
Let m = 89 + 73. What is the tens digit of m?
6
Let j(t) = -t**3 + 5*t**2 + 3*t + 3. Let c(h) = 3*h - 1. Let f be c(2). What is the tens digit of j(f)?
1
Let o = 27 - 12. What is the units digit of o?
5
Suppose 0 = -14*g + 10*g + 36. Let p(c) = -c**2 + 10*c + 10. What is the units digit of p(g)?
9
Let f(k) = -k**3 - k**2 + 5*k + 4. Let a(v) = v**3 + v**2 - 2*v - 3. Let b be a(-2). What is the units digit of f(b)?
7
What is the tens digit of (35/2)/((-2)/(-24))?
1
Suppose -h + 4 = -28. What is the units digit of h?
2
What is the units digit of ((9 - 4) + -252)/(-1)?
7
Let r(y) be the third derivative of y**6